{"id":2263,"date":"2021-10-30T23:54:07","date_gmt":"2021-10-30T22:54:07","guid":{"rendered":"http:\/\/parrocchiaracconigimurello.org\/?page_id=2263"},"modified":"2024-11-01T07:51:49","modified_gmt":"2024-11-01T06:51:49","slug":"canti-funzione-tutti-i-santi-racconigi","status":"publish","type":"page","link":"https:\/\/parrocchiaracconigimurello.org\/?page_id=2263","title":{"rendered":"Canti funzione tutti i santi &#8211; Racconigi"},"content":{"rendered":"\n<p><a href=\"https:\/\/docs.google.com\/document\/d\/1YE2ifDcGxyOC_a6IiViLs7pA9KMEUR6CpWcUA-qarXQ\/edit?usp=sharing\">Elenco generale di tutti i canti (formato word)<\/a><\/p>\n\n\n\n<p><a href=\"https:\/\/drive.google.com\/file\/d\/1fJxDS_Bt_wJbTSnW76kK6spVTzS0ea3w\/view?usp=sharing\">Elenco generale di tutti i canti (formato pdf)<\/a><\/p>\n\n\n\n<p><\/p>\n\n\n\n<p class=\"has-white-color has-vivid-green-cyan-background-color has-text-color has-background has-link-color has-large-font-size wp-elements-bb0de1ef5f1595212839420565b403f8\">Solennit\u00e0 dei Santi &#8211; Venerd\u00ec 1\/11\/2024<\/p>\n\n\n\n<h2 class=\"wp-block-heading has-vivid-red-color has-text-color\">Ingresso<\/h2>\n\n\n\n<h3 class=\"wp-block-heading has-vivid-cyan-blue-color has-text-color\">Beatitudini (Osanna)<\/h3>\n\n\n\n<p><strong>Rit. Osanna al Figlio di Dio,<\/strong><\/p>\n\n\n\n<p><strong>osanna al Re d\u2019Israele.<\/strong><\/p>\n\n\n\n<p>1 Beati i poveri in spirito,<\/p>\n\n\n\n<p>perch\u00e9 di essi \u00e8 il regno dei cieli.<\/p>\n\n\n\n<p>Beati gli afflitti:<\/p>\n\n\n\n<p>saranno consolati.<\/p>\n\n\n\n<p>Beati i miti:<\/p>\n\n\n\n<p>per loro \u00e8 la terra promessa.<\/p>\n\n\n\n<p>2 Beati voi che avete fame:<\/p>\n\n\n\n<p>per sempre io vi sazier\u00f2 di giustizia.<\/p>\n\n\n\n<p>Beato chi ama: a lui dar\u00f2 il mio amore.<\/p>\n\n\n\n<p>Beati i puri: vedranno il volto di Dio.<\/p>\n\n\n\n<p>3 Beato chi diffonde pace,<\/p>\n\n\n\n<p>perch\u00e9 sar\u00e0 chiamato figlio di Dio.<\/p>\n\n\n\n<p>Beati gli oppressi: di essi \u00e8 il regno dei cieli.<\/p>\n\n\n\n<p>Beati voi, ch\u00e9 grande \u00e8 la mia ricompensa.<\/p>\n\n\n\n<h1 class=\"wp-block-heading has-vivid-red-color has-text-color\">Gloria<\/h1>\n\n\n\n<p class=\"has-vivid-cyan-blue-color has-text-color has-link-color wp-elements-913dfbdf32ca14d2414168c900e989b3\"><strong>&#8230; non comunicato &#8230;<\/strong><\/p>\n\n\n\n<h1 class=\"wp-block-heading has-vivid-red-color has-text-color\">Salmo<\/h1>\n\n\n\n<p>Ringraziamo con gioia il Padre che ci ha dato di vivere, la sorte dei Santi nella luce<\/p>\n\n\n\n<h1 class=\"wp-block-heading has-vivid-red-color has-text-color\">Alleluia<\/h1>\n\n\n\n<h3 class=\"wp-block-heading has-vivid-cyan-blue-color has-text-color\">Alleluia, ed oggi ancora<\/h3>\n\n\n\n<p>Alleluia, alleluia,<\/p>\n\n\n\n<p>alleluia, alleluia! (2 v.)<\/p>\n\n\n\n<p>Ed oggi ancora, o mio Signore,<\/p>\n\n\n\n<p>ascolter\u00f2 la tua Parola<\/p>\n\n\n\n<p>che mi guida nel cammino della vita<strong>.<\/strong><\/p>\n\n\n\n<h2 class=\"wp-block-heading has-vivid-red-color has-text-color\">OFFERTORIO<\/h2>\n\n\n\n<h3 class=\"wp-block-heading has-vivid-cyan-blue-color has-text-color\">Gratitudine<\/h3>\n\n\n\n<p>Perch\u00e9 Tu mi hai amato, come tu sai amar<\/p>\n\n\n\n<p>Perch\u00e9 ho perso lo sguardo nella tua immensit\u00e0<\/p>\n\n\n\n<p>Se Tu mi chiedessi chi sono non direi il nome mio, direi: &#8220;sono grazie per tutto e per sempre, grazie a Te, grazie a Te&#8221;<\/p>\n\n\n\n<p>Quando arriver\u00f2 da Te alla tua porta, io mi perder\u00f2 in Te, mi perder\u00f2 in Te.<\/p>\n\n\n\n<p>Quando Tu chiederai chi sono non dir\u00f2 il nome mio, dir\u00f2: &#8220;sono grazie per tutto e per sempre, grazie a Te, grazie a Te&#8221;<\/p>\n\n\n\n<h1 class=\"wp-block-heading has-vivid-red-color has-text-color\">Santo<\/h1>\n\n\n\n<h3 class=\"wp-block-heading has-vivid-cyan-blue-color has-text-color\">Santo &#8211; Ed oggi ancora<\/h3>\n\n\n\n<p>Santo Santo Santo il Signore, Dio dell&#8217;universo, Santo.&nbsp;<\/p>\n\n\n\n<p>Cieli e terra sono pieni della tua gloria Santo<\/p>\n\n\n\n<p>Osanna Osanna nell&#8217;alto dei cieli nell&#8217;alto dei cieli, Osanna Osanna nell&#8217;alto dei cieli Santo<\/p>\n\n\n\n<p>Benedetto colui che viene nel nome del Signore<\/p>\n\n\n\n<p>Osanna Osanna nell&#8217;alto dei cieli nell&#8217;alto dei cieli, Osanna Osanna nell&#8217;alto dei cieli Santo<\/p>\n\n\n\n<h2 class=\"wp-block-heading has-vivid-red-color has-text-color\">AGNELLO<\/h2>\n\n\n\n<h3 class=\"wp-block-heading has-vivid-cyan-blue-color has-text-color\"><strong>Agnello di Dio (Buttazzo)<\/strong> <\/h3>\n\n\n\n<p>Agnello, agnello di Dio che togli i peccati del mondo<\/p>\n\n\n\n<p>Abbi piet\u00e0 di noi, abbi piet\u00e0 di noi<\/p>\n\n\n\n<p>Agnello, agnello di Dio che togli i peccati del mondo<\/p>\n\n\n\n<p>Abbi piet\u00e0 di noi, abbi piet\u00e0 di noi<\/p>\n\n\n\n<p>Agnello, agnello di Dio che togli i peccati, che togli i peccati del mondo<\/p>\n\n\n\n<p>Dona a noi la pace, dona a noi la pace<\/p>\n\n\n\n<h2 class=\"wp-block-heading has-vivid-red-color has-text-color\">COMUNIONE<\/h2>\n\n\n\n<h3 class=\"wp-block-heading has-vivid-cyan-blue-color has-text-color\">Se m&#8217;accogli<\/h3>\n\n\n\n<p>Tra le mani non ho niente: spero che mi accoglierai.<\/p>\n\n\n\n<p>Chiedo solo di restare accanto a te.<\/p>\n\n\n\n<p>Sono ricco solamente dell&#8217;amore che mi dai:<\/p>\n\n\n\n<p>\u00e8 per quelli che non l&#8217;hanno avuto mai.<\/p>\n\n\n\n<p><strong>Se m&#8217;accogli, mio Signore, altro non ti chieder\u00f2<\/strong><\/p>\n\n\n\n<p><strong>e per sempre la tua strada la mia strada rester\u00e0.<\/strong><\/p>\n\n\n\n<p><strong>Nella gioia, nel dolore, fino a quando tu vorrai<\/strong><\/p>\n\n\n\n<p><strong>con la mano nella tua camminer\u00f2<\/strong>.<\/p>\n\n\n\n<p>Io ti prego con il cuore, so che tu mi ascolterai<\/p>\n\n\n\n<p>rendi forte la mia fede pi\u00f9 che mai.<\/p>\n\n\n\n<p>Tieni accesa la mia la luce fino al giorno che tu sai,<\/p>\n\n\n\n<p>con i miei fratelli incontro a te verr\u00f2.<\/p>\n\n\n\n<p><strong>Se m&#8217;accogli, mio Signore, altro non ti chieder\u00f2<\/strong><\/p>\n\n\n\n<p><strong>e per sempre la tua strada la mia strada rester\u00e0.<\/strong><\/p>\n\n\n\n<p><strong>Nella gioia, nel dolore, fino a quando tu vorrai,<\/strong><\/p>\n\n\n\n<p><strong>con la mano nella tua camminer\u00f2.<\/strong><\/p>\n\n\n\n<h2 class=\"wp-block-heading has-vivid-red-color has-text-color\">CONGEDO<\/h2>\n\n\n\n<h3 class=\"wp-block-heading has-vivid-cyan-blue-color has-text-color\">Rallegratevi fratelli&nbsp;<\/h3>\n\n\n\n<p>&nbsp;&nbsp;&nbsp;\u00abRallegratevi, fratelli,<\/p>\n\n\n\n<p>&nbsp;&nbsp;&nbsp;&nbsp;&nbsp;i vostri nomi sono scritti nel cielo\u00bb.<\/p>\n\n\n\n<p>1 &nbsp; &nbsp; Siamo uniti nel suo amore:<\/p>\n\n\n\n<p>&nbsp;&nbsp;&nbsp;&nbsp;&nbsp;Lui ci ha scelti dall&#8217;eternit\u00e0.<\/p>\n\n\n\n<p>2 &nbsp; &nbsp; Il suo sguardo ci ha afferrati,<\/p>\n\n\n\n<p>&nbsp;&nbsp;&nbsp;&nbsp;&nbsp;la sua gioia ritma i nostri passi.<\/p>\n\n\n\n<p>3 &nbsp; &nbsp; \u00c8 un cammino di speranza:<\/p>\n\n\n\n<p>&nbsp;&nbsp;&nbsp;&nbsp;&nbsp;stiamo saldi sulla sua parola.<\/p>\n\n\n\n<p>4 &nbsp; &nbsp; Se ci assale la stanchezza,<\/p>\n\n\n\n<p>&nbsp;&nbsp;&nbsp;&nbsp;&nbsp;ci ristora con la sua presenza.<\/p>\n\n\n\n<p>5 &nbsp; &nbsp; Annunciamo pace ai poveri,<\/p>\n\n\n\n<p>&nbsp;&nbsp;&nbsp;&nbsp;&nbsp;una pace che non ha confini.<\/p>\n\n\n\n<p><\/p>\n\n\n\n<p><\/p>\n\n\n\n<p class=\"has-white-color has-vivid-green-cyan-background-color has-text-color has-background has-link-color has-large-font-size wp-elements-ea96f3f4202870db152c769247d2ee2b\">Memoria defunti &#8211; Sabato 2\/11\/2024<\/p>\n\n\n\n<h2 class=\"wp-block-heading has-vivid-red-color has-text-color\">Ingresso<\/h2>\n\n\n\n<h3 class=\"wp-block-heading has-vivid-cyan-blue-color has-text-color\">Quando busser\u00f2<\/h3>\n\n\n\n<p>1. Quando busser\u00f2 alla tua porta<\/p>\n\n\n\n<p>avr\u00f2 fatto tanta strada,<\/p>\n\n\n\n<p>avr\u00f2 piedi stanchi e nudi,<\/p>\n\n\n\n<p>avr\u00f2 mani bianche e pure. (2 v.)<\/p>\n\n\n\n<p>(2\u00aa volta)\u2026 o mio Signore!<\/p>\n\n\n\n<p>2. Quando busser\u00f2 alla tua porta<\/p>\n\n\n\n<p>avr\u00f2 frutti da portare,<\/p>\n\n\n\n<p>avr\u00f2 ceste di dolore,<\/p>\n\n\n\n<p>avr\u00f2 grappoli d\u2019amore. (2 v.)<\/p>\n\n\n\n<p>(2\u00aa volta)\u2026 o mio Signore!<\/p>\n\n\n\n<p>3. Quando busser\u00f2 alla tua porta<\/p>\n\n\n\n<p>avr\u00f2 amato tanta gente,<\/p>\n\n\n\n<p>avr\u00f2 amici da ritrovare,<\/p>\n\n\n\n<p>e fratelli per cui pregare. (2 v.)<\/p>\n\n\n\n<p>(2\u00aa volta)\u2026 o mio Signore!<\/p>\n\n\n\n<h1 class=\"wp-block-heading has-vivid-red-color has-text-color\">Gloria<\/h1>\n\n\n\n<p class=\"has-vivid-cyan-blue-color has-text-color has-link-color wp-elements-913dfbdf32ca14d2414168c900e989b3\"><strong>&#8230; non comunicato &#8230;<\/strong><\/p>\n\n\n\n<h1 class=\"wp-block-heading has-vivid-red-color has-text-color\">Salmo<\/h1>\n\n\n\n<p>L\u2019anima mia ha sete del Dio vivente<\/p>\n\n\n\n<h1 class=\"wp-block-heading has-vivid-red-color has-text-color\">Alleluia<\/h1>\n\n\n\n<h3 class=\"wp-block-heading has-vivid-cyan-blue-color has-text-color\">Alleluia, ed oggi ancora<\/h3>\n\n\n\n<p>Alleluia, alleluia,<\/p>\n\n\n\n<p>alleluia, alleluia! (2 v.)<\/p>\n\n\n\n<p>Ed oggi ancora, o mio Signore,<\/p>\n\n\n\n<p>ascolter\u00f2 la tua Parola<\/p>\n\n\n\n<p>che mi guida nel cammino della vita<strong>.<\/strong><\/p>\n\n\n\n<h2 class=\"wp-block-heading has-vivid-red-color has-text-color\">OFFERTORIO<\/h2>\n\n\n\n<h3 class=\"wp-block-heading has-vivid-cyan-blue-color has-text-color\">Noi veglieremo<\/h3>\n\n\n\n<p><strong>Nella notte o Dio noi veglieremo con le lampade vestiti a festa presto arriverai e sar\u00e0 giorno<\/strong><\/p>\n\n\n\n<p>Rallegratevi in attesa del Signore improvvisa giunger\u00e0 la sua voce quando Lui verr\u00e0 sarete pronti e vi chiamer\u00e0 amici per sempre&nbsp;<\/p>\n\n\n\n<p>Raccogliete per il giorno della vita dove tutto sar\u00e0 giovane in eterno quando Lui verr\u00e0 sarete pronti e vi chiamer\u00e0 amici per sempre<\/p>\n\n\n\n<h1 class=\"wp-block-heading has-vivid-red-color has-text-color\">Santo<\/h1>\n\n\n\n<h3 class=\"wp-block-heading has-vivid-cyan-blue-color has-text-color\">Santo &#8211; Ed oggi ancora<\/h3>\n\n\n\n<p>Santo Santo Santo il Signore, Dio dell&#8217;universo, Santo.&nbsp;<\/p>\n\n\n\n<p>Cieli e terra sono pieni della tua gloria Santo<\/p>\n\n\n\n<p>Osanna Osanna nell&#8217;alto dei cieli nell&#8217;alto dei cieli, Osanna Osanna nell&#8217;alto dei cieli Santo<\/p>\n\n\n\n<p>Benedetto colui che viene nel nome del Signore<\/p>\n\n\n\n<p>Osanna Osanna nell&#8217;alto dei cieli nell&#8217;alto dei cieli, Osanna Osanna nell&#8217;alto dei cieli Santo<\/p>\n\n\n\n<h2 class=\"wp-block-heading has-vivid-red-color has-text-color\">AGNELLO<\/h2>\n\n\n\n<h3 class=\"wp-block-heading has-vivid-cyan-blue-color has-text-color\"><strong>Agnello di Dio (Avolio, Gen 1)<\/strong><\/h3>\n\n\n\n<p>Agnello di Dio che togli i peccati del mondo<\/p>\n\n\n\n<p>Abbi piet\u00e0 di noi<\/p>\n\n\n\n<p>Agnello di Dio che togli i peccati del mondo<\/p>\n\n\n\n<p>Abbi piet\u00e0 di noi<\/p>\n\n\n\n<p>Agnello di Dio che togli i peccati del mondo<\/p>\n\n\n\n<p>Dona a noi la pace, dona a noi la pace<\/p>\n\n\n\n<h2 class=\"wp-block-heading has-vivid-red-color has-text-color\">COMUNIONE<\/h2>\n\n\n\n<h3 class=\"wp-block-heading has-vivid-cyan-blue-color has-text-color\">Se m&#8217;accogli<\/h3>\n\n\n\n<p>Tra le mani non ho niente: spero che mi accoglierai.<\/p>\n\n\n\n<p>Chiedo solo di restare accanto a te.<\/p>\n\n\n\n<p>Sono ricco solamente dell&#8217;amore che mi dai:<\/p>\n\n\n\n<p>\u00e8 per quelli che non l&#8217;hanno avuto mai.<\/p>\n\n\n\n<p><strong>Se m&#8217;accogli, mio Signore, altro non ti chieder\u00f2<\/strong><\/p>\n\n\n\n<p><strong>e per sempre la tua strada la mia strada rester\u00e0.<\/strong><\/p>\n\n\n\n<p><strong>Nella gioia, nel dolore, fino a quando tu vorrai<\/strong><\/p>\n\n\n\n<p><strong>con la mano nella tua camminer\u00f2<\/strong>.<\/p>\n\n\n\n<p>Io ti prego con il cuore, so che tu mi ascolterai<\/p>\n\n\n\n<p>rendi forte la mia fede pi\u00f9 che mai.<\/p>\n\n\n\n<p>Tieni accesa la mia la luce fino al giorno che tu sai,<\/p>\n\n\n\n<p>con i miei fratelli incontro a te verr\u00f2.<\/p>\n\n\n\n<p><strong>Se m&#8217;accogli, mio Signore, altro non ti chieder\u00f2<\/strong><\/p>\n\n\n\n<p><strong>e per sempre la tua strada la mia strada rester\u00e0.<\/strong><\/p>\n\n\n\n<p><strong>Nella gioia, nel dolore, fino a quando tu vorrai,<\/strong><\/p>\n\n\n\n<p><strong>con la mano nella tua camminer\u00f2.<\/strong><\/p>\n\n\n\n<h2 class=\"wp-block-heading has-vivid-red-color has-text-color\">CONGEDO<\/h2>\n\n\n\n<h3 class=\"wp-block-heading has-vivid-cyan-blue-color has-text-color\">Salve Regina (Gen Verde)<\/h3>\n\n\n\n<p><strong>Rit: Salve regina, madre di misericordia.<\/strong><\/p>\n\n\n\n<p><strong>Vita, dolcezza, speranza nostra, salve!<\/strong><\/p>\n\n\n\n<p><strong>Salve regina! (2v.)<\/strong><\/p>\n\n\n\n<p>A te ricorriamo, esuli figli di Eva.<\/p>\n\n\n\n<p>A te sospiriamo, piangenti, in questa valle di lacrime.<\/p>\n\n\n\n<p>Avvocata nostra, volgi a noi gli occhi tuoi,<\/p>\n\n\n\n<p>mostraci dopo questo esilio il frutto del tuo seno, Ges\u00f9.<\/p>\n\n\n\n<p><strong>Rit: Salve regina, madre di misericordia.<\/strong><\/p>\n\n\n\n<p><strong>o clemente, o pia, o dolce vergine maria.<\/strong><\/p>\n\n\n\n<p>Salve Regina!<\/p>\n\n\n\n<p>Salve Regina, salve, salve!<\/p>\n","protected":false},"excerpt":{"rendered":"<p>Elenco generale di tutti i canti (formato word) Elenco generale di tutti i canti (formato pdf) Solennit\u00e0 dei Santi &#8211; Venerd\u00ec 1\/11\/2024 Ingresso Beatitudini (Osanna) Rit. Osanna al Figlio di Dio, osanna al Re d\u2019Israele. 1 Beati i poveri in spirito, perch\u00e9 di essi \u00e8 il regno dei cieli. Beati gli afflitti: saranno consolati. Beati [&hellip;]<\/p>\n","protected":false},"author":11,"featured_media":0,"parent":0,"menu_order":0,"comment_status":"closed","ping_status":"closed","template":"","meta":{"footnotes":""},"class_list":["post-2263","page","type-page","status-publish","hentry"],"_links":{"self":[{"href":"https:\/\/parrocchiaracconigimurello.org\/index.php?rest_route=\/wp\/v2\/pages\/2263","targetHints":{"allow":["GET"]}}],"collection":[{"href":"https:\/\/parrocchiaracconigimurello.org\/index.php?rest_route=\/wp\/v2\/pages"}],"about":[{"href":"https:\/\/parrocchiaracconigimurello.org\/index.php?rest_route=\/wp\/v2\/types\/page"}],"author":[{"embeddable":true,"href":"https:\/\/parrocchiaracconigimurello.org\/index.php?rest_route=\/wp\/v2\/users\/11"}],"replies":[{"embeddable":true,"href":"https:\/\/parrocchiaracconigimurello.org\/index.php?rest_route=%2Fwp%2Fv2%2Fcomments&post=2263"}],"version-history":[{"count":9,"href":"https:\/\/parrocchiaracconigimurello.org\/index.php?rest_route=\/wp\/v2\/pages\/2263\/revisions"}],"predecessor-version":[{"id":4206,"href":"https:\/\/parrocchiaracconigimurello.org\/index.php?rest_route=\/wp\/v2\/pages\/2263\/revisions\/4206"}],"wp:attachment":[{"href":"https:\/\/parrocchiaracconigimurello.org\/index.php?rest_route=%2Fwp%2Fv2%2Fmedia&parent=2263"}],"curies":[{"name":"wp","href":"https:\/\/api.w.org\/{rel}","templated":true}]}}