{"id":2343,"date":"2021-12-24T09:48:04","date_gmt":"2021-12-24T08:48:04","guid":{"rendered":"http:\/\/parrocchiaracconigimurello.org\/?page_id=2343"},"modified":"2026-01-03T16:29:22","modified_gmt":"2026-01-03T15:29:22","slug":"canti-messa-del-31-12","status":"publish","type":"page","link":"https:\/\/parrocchiaracconigimurello.org\/?page_id=2343","title":{"rendered":"Canti funzione Epifania"},"content":{"rendered":"\n<p><a href=\"https:\/\/docs.google.com\/document\/d\/1YE2ifDcGxyOC_a6IiViLs7pA9KMEUR6CpWcUA-qarXQ\/edit?usp=sharing\">Elenco generale di tutti i canti (formato word)<\/a><\/p>\n\n\n\n<p><a href=\"https:\/\/drive.google.com\/file\/d\/1fJxDS_Bt_wJbTSnW76kK6spVTzS0ea3w\/view?usp=sharing\">Elenco generale di tutti i canti (formato pdf)<\/a><\/p>\n\n\n\n<p><\/p>\n\n\n\n<p><\/p>\n\n\n\n<p>Sabato 06\/01\/2026<\/p>\n\n\n\n<h1 class=\"wp-block-heading has-vivid-red-color has-text-color\">Ingresso<\/h1>\n\n\n\n<h3 class=\"wp-block-heading has-vivid-cyan-blue-color has-text-color\">Re dei re<\/h3>\n\n\n\n<p>Hai sollevato i nostri volti dalla polvere<\/p>\n\n\n\n<p>Le nostre colpe hai portato su di te<\/p>\n\n\n\n<p>Signore ti sei fatto uomo in tutto come noi<\/p>\n\n\n\n<p>Per amore<\/p>\n\n\n\n<p>.<\/p>\n\n\n\n<p>Figlio dell&#8217;Altissimo, povero tra i poveri<\/p>\n\n\n\n<p>Vieni a dimorare tra noi<\/p>\n\n\n\n<p>Dio dell&#8217;impossibile, Re di tuttii secoli<\/p>\n\n\n\n<p>Vieni nella tua maest\u00e0<\/p>\n\n\n\n<p>.<\/p>\n\n\n\n<p>Re dei re, i popoli ti acclamano<\/p>\n\n\n\n<p>I cieli ti proclamano re dei re<\/p>\n\n\n\n<p>Luce degli uomini, regna col tuo amore tra noi, noi, noi, noi<\/p>\n\n\n\n<p>.<\/p>\n\n\n\n<p>Ci hai riscattati dalla stretta delle tenebre<\/p>\n\n\n\n<p>Perche potessimo glorificare te<\/p>\n\n\n\n<p>Hai riversato in noi la vita del tuo Spirito<\/p>\n\n\n\n<p>Per amore<\/p>\n\n\n\n<p>.<\/p>\n\n\n\n<p>Figlio dell&#8217;Altissimo, povero tra i poveri<\/p>\n\n\n\n<p>Vieni a dimorare tra noi<\/p>\n\n\n\n<p>Dio dell&#8217;impossibile, re di tuttii secoli<\/p>\n\n\n\n<p>Vieni nella tua maest\u00e0<\/p>\n\n\n\n<p>.<\/p>\n\n\n\n<p>Re dei re, i popoli ti acclamano<\/p>\n\n\n\n<p>I cieli ti proclamano re dei re<\/p>\n\n\n\n<p>Luce degli uomini, regna col tuo amore tra noi, noi, noi, noi<\/p>\n\n\n\n<p>.<\/p>\n\n\n\n<p>Tua \u00e8 la gloria per sempre<\/p>\n\n\n\n<p>Tua \u00e8 la gloria per sempre<\/p>\n\n\n\n<p>Gloria, gloria<\/p>\n\n\n\n<p>Gloria, gloria<\/p>\n\n\n\n<p>.<\/p>\n\n\n\n<p>Figlio dell&#8217;Altissimo, povero tra i poveri<\/p>\n\n\n\n<p>Vieni a dimorare tra noi<\/p>\n\n\n\n<p>Dio dell&#8217;impossibile, re di tutti i secoli<\/p>\n\n\n\n<p>Vieni nella tua maest\u00e0<\/p>\n\n\n\n<p>.<\/p>\n\n\n\n<p>Re dei re, i popoli ti acclamano<\/p>\n\n\n\n<p>I cieli ti proclamano re dei re<\/p>\n\n\n\n<p>Luce degli uomini, regna col tuo amore tra noi, noi, noi, noi<\/p>\n\n\n\n<h1 class=\"wp-block-heading has-vivid-red-color has-text-color\">Gloria<\/h1>\n\n\n\n<h3 class=\"wp-block-heading has-vivid-cyan-blue-color has-text-color\">Gloria in excelsis Deo<\/h3>\n\n\n\n<p>&nbsp;&nbsp;&nbsp;&nbsp;&nbsp;Gloria, Gloria, in excelsis Deo! [2V]<\/p>\n\n\n\n<p>&nbsp;&nbsp;&nbsp;&nbsp;&nbsp;Gloria, Gloria, in excelsis Deo!<\/p>\n\n\n\n<p>E Pace in terra agli uomini amati dal Signore.<\/p>\n\n\n\n<p>Noi ti lodiamo, ti benediciamo, ti adoriamo,<\/p>\n\n\n\n<p>ti glorifichiamo, ti rendiamo grazie<\/p>\n\n\n\n<p>per la tua gloria immensa,<\/p>\n\n\n\n<p>Signore Dio, Re del cielo,<\/p>\n\n\n\n<p>Dio Padre Onnipotente.<\/p>\n\n\n\n<p>&nbsp;&nbsp;&nbsp;&nbsp;&nbsp;Gloria, Gloria, in excelsis Deo! [2V]<\/p>\n\n\n\n<p>&nbsp;&nbsp;&nbsp;&nbsp;&nbsp;Gloria, Gloria, in excelsis Deo!<\/p>\n\n\n\n<p>Signore, Figlio unigenito, Ges\u00f9 Cristo,<\/p>\n\n\n\n<p>Signore Dio, Agnello di Dio, Figlio del Padre,<\/p>\n\n\n\n<p>tu che togli i peccati del mondo,<\/p>\n\n\n\n<p>abbi piet\u00e0 di noi,<\/p>\n\n\n\n<p>tu che togli i peccati del mondo,<\/p>\n\n\n\n<p>accogli la nostra supplica,<\/p>\n\n\n\n<p>tu che siedi alla destra del Padre,<\/p>\n\n\n\n<p>abbi piet\u00e0 di noi.<\/p>\n\n\n\n<p>&nbsp;&nbsp;&nbsp;&nbsp;&nbsp;Gloria, Gloria, in excelsis Deo! [2V]<\/p>\n\n\n\n<p>&nbsp;&nbsp;&nbsp;&nbsp;&nbsp;Gloria, Gloria, in excelsis Deo!<\/p>\n\n\n\n<p>Perch\u00e9 tu solo il Santo, tu solo il Signore,<\/p>\n\n\n\n<p>tu solo l\u2019altissimo Ges\u00f9 Cristo,<\/p>\n\n\n\n<p>con lo Spirito Santo nella gloria di Dio Padre.<\/p>\n\n\n\n<p>Amen.<\/p>\n\n\n\n<p>&nbsp;&nbsp;&nbsp;&nbsp;&nbsp;Gloria, Gloria, in excelsis Deo! [2V]<\/p>\n\n\n\n<p>&nbsp;&nbsp;&nbsp;&nbsp;&nbsp;Gloria, Gloria, in excelsis Deo!<\/p>\n\n\n\n<h1 class=\"wp-block-heading has-vivid-red-color has-text-color\">Salmo<\/h1>\n\n\n\n<h3 class=\"wp-block-heading\">Ti adoreranno, Signore, tutti i popoli della terra.&nbsp;<\/h3>\n\n\n\n<h1 class=\"wp-block-heading has-vivid-red-color has-text-color\"><strong>Alleluia <\/strong><\/h1>\n\n\n\n<h3 class=\"wp-block-heading has-vivid-cyan-blue-color has-text-color\">Alleluia di Natale<\/h3>\n\n\n\n<ol class=\"wp-block-list\">\n<li>Alle, alleluia, alleluia! Viene il Salvatore! Gloria su nel cielo!<\/li>\n\n\n\n<li>Alle, alleluia, alleluia! Viene il Salvatore! Pace sulla terra !<\/li>\n<\/ol>\n\n\n\n<h1 class=\"wp-block-heading has-vivid-red-color has-text-color\">Offertorio<\/h1>\n\n\n\n<h3 class=\"wp-block-heading has-vivid-cyan-blue-color has-text-color\"><strong>Nel tuo silenzio<\/strong><\/h3>\n\n\n\n<p>Nel tuo silenzio accolgo il mistero<\/p>\n\n\n\n<p>Venuto a vivere dentro di me.<\/p>\n\n\n\n<p>Sei tu che vieni, o forse \u00e8 pi\u00f9 vero<\/p>\n\n\n\n<p>Che tu mi accogli in te, Ges\u00f9.<\/p>\n\n\n\n<p>Sorgente viva che nasce nel cuore<\/p>\n\n\n\n<p>\u00e8 questo dono che abita in me.<\/p>\n\n\n\n<p>La tua presenza \u00e8 un Fuoco d&#8217;amore<\/p>\n\n\n\n<p>Che avvolge l&#8217;anima mia, Ges\u00f9.<\/p>\n\n\n\n<p>Ora il tuo Spirito in me dice: &#8220;Padre&#8221;,<\/p>\n\n\n\n<p>Non sono io a parlare, sei tu.<\/p>\n\n\n\n<p>Nell&#8217;infinito oceano di pace<\/p>\n\n\n\n<p>Tu vivi in me, io in te, Ges\u00f9.<\/p>\n\n\n\n<h1 class=\"wp-block-heading has-vivid-red-color has-text-color\"><strong>Santo <\/strong><\/h1>\n\n\n\n<h3 class=\"wp-block-heading has-vivid-cyan-blue-color has-text-color has-link-color wp-elements-8d7ea30d176c3b19ad6df59562fff649\"><strong>&#8230; non comunicato &#8230;<\/strong><\/h3>\n\n\n\n<h1 class=\"wp-block-heading has-vivid-red-color has-text-color\"><strong>Agnello <\/strong><\/h1>\n\n\n\n<h3 class=\"wp-block-heading has-vivid-cyan-blue-color has-text-color has-link-color wp-elements-a93d1141312acf04e896d4bf7864aa73\">&#8230; non comunicato &#8230;<\/h3>\n\n\n\n<h1 class=\"wp-block-heading has-vivid-red-color has-text-color\">Comunione<\/h1>\n\n\n\n<h3 class=\"wp-block-heading has-vivid-cyan-blue-color has-text-color has-link-color wp-elements-ec1c941e162cb5c2c7a076dc5e31257b\"><strong>Pastori<\/strong><\/h3>\n\n\n\n<p>1 Sei nato di notte, per darci la tua luce;<\/p>\n\n\n\n<p>hai scelto una stalla per darci il tuo cielo.<\/p>\n\n\n\n<p><strong>Se ne andarono con gioia<\/strong><\/p>\n\n\n\n<p><strong>verso quella grotta,<\/strong><\/p>\n\n\n\n<p><strong>li ha chiamati un coro d&#8217;angeli.<\/strong><\/p>\n\n\n\n<p><strong>Un bambino come i nostri<\/strong><\/p>\n\n\n\n<p><strong>piange in una greppia:<\/strong><\/p>\n\n\n\n<p><strong>Dio \u00e8 sceso in mezzo a noi.<\/strong><\/p>\n\n\n\n<p>2 Cercavi chi \u00e8 povero, cercavi chi \u00e8 smarrito<\/p>\n\n\n\n<p>e furono dei poveri le prime carezze.<\/p>\n\n\n\n<p><strong>Rit<\/strong><\/p>\n\n\n\n<p>3 Cercavi il silenzio per dirci i tuoi segreti:<\/p>\n\n\n\n<p>nei campi di Betlem regnava la pace.<\/p>\n\n\n\n<p><strong>Rit.<\/strong><\/p>\n\n\n\n<p>4. Venivano da oriente in cerca di risposte <\/p>\n\n\n\n<p>e il verbo di Dio si svela al mondo<\/p>\n\n\n\n<p><strong>Rit.<\/strong><\/p>\n\n\n\n<h1 class=\"wp-block-heading has-vivid-red-color has-text-color\">Congedo<\/h1>\n\n\n\n<h3 class=\"wp-block-heading has-vivid-cyan-blue-color has-text-color\"><strong>Gioia ed amor<\/strong><\/h3>\n\n\n\n<p>Gioia ed amor, al mondo inter, \u00e8 giunto il re dei re.&nbsp;<\/p>\n\n\n\n<p>Aprite al Redentore la porta di ogni cuore,<\/p>\n\n\n\n<p>esultan terra e ciel, esultan terra e ciel, esultano la terra e il ciel.&nbsp;<\/p>\n\n\n\n<p>Regna Ges\u00f9! Cantiamo a lui la festa ch\u2019\u00e8 nei cuor.&nbsp;<\/p>\n\n\n\n<p>E campi, rocce e fiumi, colline, valli e mari rispondan tutti in cor, rispondan tutti in cor, rispondano tutti in cor.&nbsp;<\/p>\n\n\n\n<p>Cristo governa il mondo inter con grazia e verit\u00e0.&nbsp;<\/p>\n\n\n\n<p>Dimostra alle nazioni la gloria del suo nome, prodigio di carit\u00e0, prodigio di carit\u00e0, prodigio, prodigio di carit\u00e0.<\/p>\n\n\n\n<hr class=\"wp-block-separator has-alpha-channel-opacity\"\/>\n\n\n\n<p><\/p>\n","protected":false},"excerpt":{"rendered":"<p>Elenco generale di tutti i canti (formato word) Elenco generale di tutti i canti (formato pdf) Sabato 06\/01\/2026 Ingresso Re dei re Hai sollevato i nostri volti dalla polvere Le nostre colpe hai portato su di te Signore ti sei fatto uomo in tutto come noi Per amore . Figlio dell&#8217;Altissimo, povero tra i poveri [&hellip;]<\/p>\n","protected":false},"author":11,"featured_media":0,"parent":0,"menu_order":0,"comment_status":"closed","ping_status":"closed","template":"","meta":{"footnotes":""},"class_list":["post-2343","page","type-page","status-publish","hentry"],"_links":{"self":[{"href":"https:\/\/parrocchiaracconigimurello.org\/index.php?rest_route=\/wp\/v2\/pages\/2343","targetHints":{"allow":["GET"]}}],"collection":[{"href":"https:\/\/parrocchiaracconigimurello.org\/index.php?rest_route=\/wp\/v2\/pages"}],"about":[{"href":"https:\/\/parrocchiaracconigimurello.org\/index.php?rest_route=\/wp\/v2\/types\/page"}],"author":[{"embeddable":true,"href":"https:\/\/parrocchiaracconigimurello.org\/index.php?rest_route=\/wp\/v2\/users\/11"}],"replies":[{"embeddable":true,"href":"https:\/\/parrocchiaracconigimurello.org\/index.php?rest_route=%2Fwp%2Fv2%2Fcomments&post=2343"}],"version-history":[{"count":12,"href":"https:\/\/parrocchiaracconigimurello.org\/index.php?rest_route=\/wp\/v2\/pages\/2343\/revisions"}],"predecessor-version":[{"id":4999,"href":"https:\/\/parrocchiaracconigimurello.org\/index.php?rest_route=\/wp\/v2\/pages\/2343\/revisions\/4999"}],"wp:attachment":[{"href":"https:\/\/parrocchiaracconigimurello.org\/index.php?rest_route=%2Fwp%2Fv2%2Fmedia&parent=2343"}],"curies":[{"name":"wp","href":"https:\/\/api.w.org\/{rel}","templated":true}]}}

<p><a href="https://docs.google.com/document/d/1YE2ifDcGxyOC_a6IiViLs7pA9KMEUR6CpWcUA-qarXQ/edit?usp=sharing">Elenco generale di tutti i canti (formato word)</a></p>



<p><a href="https://drive.google.com/file/d/1fJxDS_Bt_wJbTSnW76kK6spVTzS0ea3w/view?usp=sharing">Elenco generale di tutti i canti (formato pdf)</a></p>



<p></p>



<p></p>



<p>Sabato 06/01/2026</p>



<h1 class="wp-block-heading has-vivid-red-color has-text-color">Ingresso</h1>



<h3 class="wp-block-heading has-vivid-cyan-blue-color has-text-color">Re dei re</h3>



<p>Hai sollevato i nostri volti dalla polvere</p>



<p>Le nostre colpe hai portato su di te</p>



<p>Signore ti sei fatto uomo in tutto come noi</p>



<p>Per amore</p>



<p>.</p>



<p>Figlio dell&#8217;Altissimo, povero tra i poveri</p>



<p>Vieni a dimorare tra noi</p>



<p>Dio dell&#8217;impossibile, Re di tuttii secoli</p>



<p>Vieni nella tua maestà</p>



<p>.</p>



<p>Re dei re, i popoli ti acclamano</p>



<p>I cieli ti proclamano re dei re</p>



<p>Luce degli uomini, regna col tuo amore tra noi, noi, noi, noi</p>



<p>.</p>



<p>Ci hai riscattati dalla stretta delle tenebre</p>



<p>Perche potessimo glorificare te</p>



<p>Hai riversato in noi la vita del tuo Spirito</p>



<p>Per amore</p>



<p>.</p>



<p>Figlio dell&#8217;Altissimo, povero tra i poveri</p>



<p>Vieni a dimorare tra noi</p>



<p>Dio dell&#8217;impossibile, re di tuttii secoli</p>



<p>Vieni nella tua maestà</p>



<p>.</p>



<p>Re dei re, i popoli ti acclamano</p>



<p>I cieli ti proclamano re dei re</p>



<p>Luce degli uomini, regna col tuo amore tra noi, noi, noi, noi</p>



<p>.</p>



<p>Tua è la gloria per sempre</p>



<p>Tua è la gloria per sempre</p>



<p>Gloria, gloria</p>



<p>Gloria, gloria</p>



<p>.</p>



<p>Figlio dell&#8217;Altissimo, povero tra i poveri</p>



<p>Vieni a dimorare tra noi</p>



<p>Dio dell&#8217;impossibile, re di tutti i secoli</p>



<p>Vieni nella tua maestà</p>



<p>.</p>



<p>Re dei re, i popoli ti acclamano</p>



<p>I cieli ti proclamano re dei re</p>



<p>Luce degli uomini, regna col tuo amore tra noi, noi, noi, noi</p>



<h1 class="wp-block-heading has-vivid-red-color has-text-color">Gloria</h1>



<h3 class="wp-block-heading has-vivid-cyan-blue-color has-text-color">Gloria in excelsis Deo</h3>



<p>&nbsp;&nbsp;&nbsp;&nbsp;&nbsp;Gloria, Gloria, in excelsis Deo! [2V]</p>



<p>&nbsp;&nbsp;&nbsp;&nbsp;&nbsp;Gloria, Gloria, in excelsis Deo!</p>



<p>E Pace in terra agli uomini amati dal Signore.</p>



<p>Noi ti lodiamo, ti benediciamo, ti adoriamo,</p>



<p>ti glorifichiamo, ti rendiamo grazie</p>



<p>per la tua gloria immensa,</p>



<p>Signore Dio, Re del cielo,</p>



<p>Dio Padre Onnipotente.</p>



<p>&nbsp;&nbsp;&nbsp;&nbsp;&nbsp;Gloria, Gloria, in excelsis Deo! [2V]</p>



<p>&nbsp;&nbsp;&nbsp;&nbsp;&nbsp;Gloria, Gloria, in excelsis Deo!</p>



<p>Signore, Figlio unigenito, Gesù Cristo,</p>



<p>Signore Dio, Agnello di Dio, Figlio del Padre,</p>



<p>tu che togli i peccati del mondo,</p>



<p>abbi pietà di noi,</p>



<p>tu che togli i peccati del mondo,</p>



<p>accogli la nostra supplica,</p>



<p>tu che siedi alla destra del Padre,</p>



<p>abbi pietà di noi.</p>



<p>&nbsp;&nbsp;&nbsp;&nbsp;&nbsp;Gloria, Gloria, in excelsis Deo! [2V]</p>



<p>&nbsp;&nbsp;&nbsp;&nbsp;&nbsp;Gloria, Gloria, in excelsis Deo!</p>



<p>Perché tu solo il Santo, tu solo il Signore,</p>



<p>tu solo l’altissimo Gesù Cristo,</p>



<p>con lo Spirito Santo nella gloria di Dio Padre.</p>



<p>Amen.</p>



<p>&nbsp;&nbsp;&nbsp;&nbsp;&nbsp;Gloria, Gloria, in excelsis Deo! [2V]</p>



<p>&nbsp;&nbsp;&nbsp;&nbsp;&nbsp;Gloria, Gloria, in excelsis Deo!</p>



<h1 class="wp-block-heading has-vivid-red-color has-text-color">Salmo</h1>



<h3 class="wp-block-heading">Ti adoreranno, Signore, tutti i popoli della terra.&nbsp;</h3>



<h1 class="wp-block-heading has-vivid-red-color has-text-color"><strong>Alleluia </strong></h1>



<h3 class="wp-block-heading has-vivid-cyan-blue-color has-text-color">Alleluia di Natale</h3>



<ol class="wp-block-list">
<li>Alle, alleluia, alleluia! Viene il Salvatore! Gloria su nel cielo!</li>



<li>Alle, alleluia, alleluia! Viene il Salvatore! Pace sulla terra !</li>
</ol>



<h1 class="wp-block-heading has-vivid-red-color has-text-color">Offertorio</h1>



<h3 class="wp-block-heading has-vivid-cyan-blue-color has-text-color"><strong>Nel tuo silenzio</strong></h3>



<p>Nel tuo silenzio accolgo il mistero</p>



<p>Venuto a vivere dentro di me.</p>



<p>Sei tu che vieni, o forse è più vero</p>



<p>Che tu mi accogli in te, Gesù.</p>



<p>Sorgente viva che nasce nel cuore</p>



<p>è questo dono che abita in me.</p>



<p>La tua presenza è un Fuoco d&#8217;amore</p>



<p>Che avvolge l&#8217;anima mia, Gesù.</p>



<p>Ora il tuo Spirito in me dice: &#8220;Padre&#8221;,</p>



<p>Non sono io a parlare, sei tu.</p>



<p>Nell&#8217;infinito oceano di pace</p>



<p>Tu vivi in me, io in te, Gesù.</p>



<h1 class="wp-block-heading has-vivid-red-color has-text-color"><strong>Santo </strong></h1>



<h3 class="wp-block-heading has-vivid-cyan-blue-color has-text-color has-link-color wp-elements-8d7ea30d176c3b19ad6df59562fff649"><strong>&#8230; non comunicato &#8230;</strong></h3>



<h1 class="wp-block-heading has-vivid-red-color has-text-color"><strong>Agnello </strong></h1>



<h3 class="wp-block-heading has-vivid-cyan-blue-color has-text-color has-link-color wp-elements-a93d1141312acf04e896d4bf7864aa73">&#8230; non comunicato &#8230;</h3>



<h1 class="wp-block-heading has-vivid-red-color has-text-color">Comunione</h1>



<h3 class="wp-block-heading has-vivid-cyan-blue-color has-text-color has-link-color wp-elements-ec1c941e162cb5c2c7a076dc5e31257b"><strong>Pastori</strong></h3>



<p>1 Sei nato di notte, per darci la tua luce;</p>



<p>hai scelto una stalla per darci il tuo cielo.</p>



<p><strong>Se ne andarono con gioia</strong></p>



<p><strong>verso quella grotta,</strong></p>



<p><strong>li ha chiamati un coro d&#8217;angeli.</strong></p>



<p><strong>Un bambino come i nostri</strong></p>



<p><strong>piange in una greppia:</strong></p>



<p><strong>Dio è sceso in mezzo a noi.</strong></p>



<p>2 Cercavi chi è povero, cercavi chi è smarrito</p>



<p>e furono dei poveri le prime carezze.</p>



<p><strong>Rit</strong></p>



<p>3 Cercavi il silenzio per dirci i tuoi segreti:</p>



<p>nei campi di Betlem regnava la pace.</p>



<p><strong>Rit.</strong></p>



<p>4. Venivano da oriente in cerca di risposte </p>



<p>e il verbo di Dio si svela al mondo</p>



<p><strong>Rit.</strong></p>



<h1 class="wp-block-heading has-vivid-red-color has-text-color">Congedo</h1>



<h3 class="wp-block-heading has-vivid-cyan-blue-color has-text-color"><strong>Gioia ed amor</strong></h3>



<p>Gioia ed amor, al mondo inter, è giunto il re dei re.&nbsp;</p>



<p>Aprite al Redentore la porta di ogni cuore,</p>



<p>esultan terra e ciel, esultan terra e ciel, esultano la terra e il ciel.&nbsp;</p>



<p>Regna Gesù! Cantiamo a lui la festa ch’è nei cuor.&nbsp;</p>



<p>E campi, rocce e fiumi, colline, valli e mari rispondan tutti in cor, rispondan tutti in cor, rispondano tutti in cor.&nbsp;</p>



<p>Cristo governa il mondo inter con grazia e verità.&nbsp;</p>



<p>Dimostra alle nazioni la gloria del suo nome, prodigio di carità, prodigio di carità, prodigio, prodigio di carità.</p>



<hr class="wp-block-separator has-alpha-channel-opacity"/>



<p></p>
