{"id":3174,"date":"2022-12-24T00:13:31","date_gmt":"2022-12-23T23:13:31","guid":{"rendered":"http:\/\/parrocchiaracconigimurello.org\/?page_id=3174"},"modified":"2025-12-24T16:05:42","modified_gmt":"2025-12-24T15:05:42","slug":"canti-per-natale","status":"publish","type":"page","link":"https:\/\/parrocchiaracconigimurello.org\/?page_id=3174","title":{"rendered":"Canti per Natale"},"content":{"rendered":"\n<p><a href=\"https:\/\/docs.google.com\/document\/d\/1YE2ifDcGxyOC_a6IiViLs7pA9KMEUR6CpWcUA-qarXQ\/edit?usp=sharing\">Elenco generale di tutti i canti (formato word)<\/a><\/p>\n\n\n\n<p><a href=\"https:\/\/drive.google.com\/file\/d\/1fJxDS_Bt_wJbTSnW76kK6spVTzS0ea3w\/view?usp=sharing\">Elenco generale di tutti i canti (formato pdf)<\/a><\/p>\n\n\n\n<p class=\"has-text-align-center has-white-color has-vivid-green-cyan-background-color has-text-color has-background\">Mercoled\u00ec 24\/12\/2025 h. 18:00<\/p>\n\n\n\n<h1 class=\"wp-block-heading has-vivid-red-color has-text-color\">Ingresso<\/h1>\n\n\n\n<h3 class=\"wp-block-heading has-vivid-cyan-blue-color has-text-color\">Venite fedeli<\/h3>\n\n\n\n<p>Venite fedeli, l\u2019Angelo ci invita<\/p>\n\n\n\n<p>Venite, venite a Betlemme.<\/p>\n\n\n\n<p>.<\/p>\n\n\n\n<p>Nasce per noi Cristo Salvatore<\/p>\n\n\n\n<p>Venite adoriamo, venite adoriamo<\/p>\n\n\n\n<p>Venite adoriamo il Signore Ges\u00f9.<\/p>\n\n\n\n<p>.<\/p>\n\n\n\n<p>La luce del mondo, brilla in una grotta,<\/p>\n\n\n\n<p>la fede ci guida a Betlemme.<\/p>\n\n\n\n<p>.<\/p>\n\n\n\n<p>Nasce per noi Cristo Salvatore<\/p>\n\n\n\n<p>Venite adoriamo, venite adoriamo<\/p>\n\n\n\n<p>Venite adoriamo il Signore Ges\u00f9.<\/p>\n\n\n\n<p>.<\/p>\n\n\n\n<p>La notte risplende, tutto il mondo attende,<\/p>\n\n\n\n<p>seguiamo i pastori a Betlemme.<\/p>\n\n\n\n<p>.<\/p>\n\n\n\n<p>Nasce per noi Cristo Salvatore<\/p>\n\n\n\n<p>Venite adoriamo, venite adoriamo<\/p>\n\n\n\n<p>Venite adoriamo il Signore Ges\u00f9.<\/p>\n\n\n\n<p>.<\/p>\n\n\n\n<p>Il Figlio di Dio, Re dell\u2019universo,<\/p>\n\n\n\n<p>si \u00e8 fatto bambino a Betlemme.<\/p>\n\n\n\n<p>.<\/p>\n\n\n\n<p>Nasce per noi Cristo Salvatore<\/p>\n\n\n\n<p>Venite adoriamo, venite adoriamo<\/p>\n\n\n\n<p>Venite adoriamo il Signore Ges\u00f9.<\/p>\n\n\n\n<h1 class=\"wp-block-heading has-vivid-red-color has-text-color\">Gloria<\/h1>\n\n\n\n<h3 class=\"wp-block-heading has-vivid-cyan-blue-color has-text-color\">Gloria in excelsis Deo (solo ritornello)<\/h3>\n\n\n\n<p>&nbsp;&nbsp;&nbsp;&nbsp;&nbsp;Gloria, Gloria, in excelsis Deo! [2V]<\/p>\n\n\n\n<p>&nbsp;&nbsp;&nbsp;&nbsp;&nbsp;Gloria, Gloria, in excelsis Deo!<\/p>\n\n\n\n<h1 class=\"wp-block-heading has-vivid-red-color has-text-color\">Salmo<\/h1>\n\n\n\n<p>Per noi \u00e8 nato un bambino alleluia un figlio a noi \u00e8 dato alleluia<\/p>\n\n\n\n<h1 class=\"wp-block-heading has-vivid-red-color has-text-color\"><strong>Alleluia <\/strong><\/h1>\n\n\n\n<h3 class=\"wp-block-heading\">Alleluia di Natale<\/h3>\n\n\n\n<ol class=\"wp-block-list\">\n<li>Alle, alleluia, alleluia! Viene il Salvatore! Gloria su nel cielo!<\/li>\n\n\n\n<li>Alle, alleluia, alleluia! Viene il Salvatore! Pace sulla terra !<\/li>\n<\/ol>\n\n\n\n<h1 class=\"wp-block-heading has-vivid-red-color has-text-color\">Offertorio<\/h1>\n\n\n\n<h3 class=\"wp-block-heading has-vivid-cyan-blue-color has-text-color\"><strong>Notte di luce<\/strong><\/h3>\n\n\n\n<p>1. Notte di luce, colma \u00e8 l\u2019attesa!<\/p>\n\n\n\n<p>Notte di speranza: vieni, Ges\u00f9!<\/p>\n\n\n\n<p>Verbo del Padre, vesti il silenzio.<\/p>\n\n\n\n<p><strong>Rit. Sia gloria nei cieli,<\/strong><\/p>\n\n\n\n<p><strong>sia pace quaggi\u00f9!<\/strong><\/p>\n\n\n\n<p>2. Alba di pace, Regno che irrompe!<\/p>\n\n\n\n<p>Alba di perdono: vieni, Ges\u00f9!<\/p>\n\n\n\n<p>Santo di Dio, vesti il peccato.<\/p>\n\n\n\n<p>3. Giorno d\u2019amore, nuova alleanza!<\/p>\n\n\n\n<p>Giorno di salvezza: vieni, Ges\u00f9!<\/p>\n\n\n\n<p>Sposo fedele, vesti la carne.<\/p>\n\n\n\n<h1 class=\"wp-block-heading has-vivid-red-color has-text-color\"><strong>Santo <\/strong><\/h1>\n\n\n\n<h3 class=\"wp-block-heading has-vivid-cyan-blue-color has-text-color has-link-color wp-elements-5f1e78f1b345be818c6e1134d8d82212\">non comunicato<\/h3>\n\n\n\n<h1 class=\"wp-block-heading has-vivid-red-color has-text-color\"><strong>Agnello<\/strong><\/h1>\n\n\n\n<h3 class=\"wp-block-heading has-vivid-cyan-blue-color has-text-color has-link-color wp-elements-5f1e78f1b345be818c6e1134d8d82212\">non comunicato<\/h3>\n\n\n\n<h1 class=\"wp-block-heading has-vivid-red-color has-text-color\">Comunione<\/h1>\n\n\n\n<h3 class=\"wp-block-heading has-vivid-cyan-blue-color has-text-color has-link-color wp-elements-3bf30b429fb4a805b2940a0a3c4eb34d\">Tu scendi dalle stelle<\/h3>\n\n\n\n<p>1. Tu scendi dalle stelle, o Re del cielo,<\/p>\n\n\n\n<p>e vieni in una grotta al freddo e al gelo,<\/p>\n\n\n\n<p>e vieni in una grotta al freddo e al gelo.<\/p>\n\n\n\n<p>O Bambino mio divino,<\/p>\n\n\n\n<p>io ti vedo qui tremar;<\/p>\n\n\n\n<p>o Dio beato!<\/p>\n\n\n\n<p>Ahi quanto ti cost\u00f2 l&#8217;avermi amato!<\/p>\n\n\n\n<p>ahi quanto ti cost\u00f2 l&#8217;avermi amato!<\/p>\n\n\n\n<p>.<\/p>\n\n\n\n<p>2. A te, che sei del mondo il Creatore,<\/p>\n\n\n\n<p>mancano panni e foco, o mio Signore,<\/p>\n\n\n\n<p>mancano panni e foco, o mio Signore.<\/p>\n\n\n\n<p>Caro eletto pargoletto,<\/p>\n\n\n\n<p>quanto questa povert\u00e0<\/p>\n\n\n\n<p>pi\u00f9 m&#8217;innamora,<\/p>\n\n\n\n<p>giacch\u00e9 ti fece amor povero ancora,<\/p>\n\n\n\n<p>giacch\u00e9 ti fece amor povero ancora.<\/p>\n\n\n\n<p>.<\/p>\n\n\n\n<p>3. Tu lasci il bel gioir del divin seno,<\/p>\n\n\n\n<p>per venire a penar su questo fieno,<\/p>\n\n\n\n<p>per venire a penar su questo fieno.<\/p>\n\n\n\n<p>Dolce amore del mio core,<\/p>\n\n\n\n<p>dove amor ti trasport\u00f2?<\/p>\n\n\n\n<p>O Ges\u00f9 mio,<\/p>\n\n\n\n<p>perch\u00e9 tanto patir? Per amor mio!<\/p>\n\n\n\n<p>perch\u00e9 tanto patir? Per amor mio!<\/p>\n\n\n\n<p>.<\/p>\n\n\n\n<p>4. Ma se fu tuo voler il tuo patire,<\/p>\n\n\n\n<p>perch\u00e9 vuoi pianger poi, perch\u00e9 vagire?<\/p>\n\n\n\n<p>perch\u00e9 vuoi pianger poi, perch\u00e9 vagire?<\/p>\n\n\n\n<p>Sposo mio, amato Dio,<\/p>\n\n\n\n<p>mio Ges\u00f9, t&#8217;intendo s\u00ec!<\/p>\n\n\n\n<p>Ah, mio Signore,<\/p>\n\n\n\n<p>tu piangi non per duol, ma per amore,<\/p>\n\n\n\n<p>tu piangi non per duol, ma per amore..<\/p>\n\n\n\n<p>.<\/p>\n\n\n\n<p>5. Tu piangi per vederti da me ingrato<\/p>\n\n\n\n<p>dopo s\u00ec grande amor, s\u00ec poco amato,<\/p>\n\n\n\n<p>dopo s\u00ec grande amor, s\u00ec poco amato!<\/p>\n\n\n\n<p>O diletto del mio petto,<\/p>\n\n\n\n<p>se gi\u00e0 un tempo fu cos\u00ec,<\/p>\n\n\n\n<p>or te sol bramo:<\/p>\n\n\n\n<p>caro non pianger pi\u00f9, ch&#8217;io t&#8217;amo e t&#8217;amo,<\/p>\n\n\n\n<p>caro non pianger pi\u00f9, ch&#8217;io t&#8217;amo e t&#8217;amo.<\/p>\n\n\n\n<p>.<\/p>\n\n\n\n<p>6. Tu dormi, Ninno mio, ma intanto il core<\/p>\n\n\n\n<p>non dorme, no ma veglia a tutte l&#8217;ore,<\/p>\n\n\n\n<p>non dorme, no ma veglia a tutte l&#8217;ore.<\/p>\n\n\n\n<p>Deh, mio bello e puro Agnello,<\/p>\n\n\n\n<p>a che pensi? dimmi tu.<\/p>\n\n\n\n<p>O amore immenso,<\/p>\n\n\n\n<p>&#8220;Un d\u00ec morir per te&#8221; \u2013 rispondi \u2013 &#8220;io penso&#8221;,<\/p>\n\n\n\n<p>&#8220;Un d\u00ec morir per te&#8221; \u2013 rispondi \u2013 &#8220;io penso&#8221;.<\/p>\n\n\n\n<p>.<\/p>\n\n\n\n<p>7. Dunque a morire per me, tu pensi, o Dio<\/p>\n\n\n\n<p>ed altro, fuor di te, amar poss&#8217;io?<\/p>\n\n\n\n<p>ed altro, fuor di te, amar poss&#8217;io?<\/p>\n\n\n\n<p>O Maria, speranza mia,<\/p>\n\n\n\n<p>s&#8217;io poc&#8217;amo il tuo Ges\u00f9,<\/p>\n\n\n\n<p>non ti sdegnare<\/p>\n\n\n\n<p>amalo tu per me, s&#8217;io nol so amare!<\/p>\n\n\n\n<p>amalo tu per me, s&#8217;io nol so amare!<\/p>\n\n\n\n<p><\/p>\n\n\n\n<h1 class=\"wp-block-heading has-vivid-red-color has-text-color\">Congedo<\/h1>\n\n\n\n<h3 class=\"wp-block-heading has-vivid-cyan-blue-color has-text-color\"><strong>A Betlemme di Giudea<\/strong><\/h3>\n\n\n\n<p>1 A Betlemme di Giudea<\/p>\n\n\n\n<p>Una gran luce si lev\u00f2,<\/p>\n\n\n\n<p>Nella notte sui pastori<\/p>\n\n\n\n<p>Scese l&#8217;annuncio e si cant\u00f2<\/p>\n\n\n\n<p>Gloria in excelsis Deo<\/p>\n\n\n\n<p>Gloria in excelsis Deo<\/p>\n\n\n\n<p>2 Cristo nasce sulla paglia,<\/p>\n\n\n\n<p>Figlio del Padre, Dio con noi<\/p>\n\n\n\n<p>Verbo eterno, Re di Pace,<\/p>\n\n\n\n<p>Pone la tenda in mezzo ai suoi,<\/p>\n\n\n\n<p>Gloria in excelsis Deo<\/p>\n\n\n\n<p>Gloria in excelsis Deo<\/p>\n\n\n\n<p>3 Torner\u00e0 nella Sua Gloria,<\/p>\n\n\n\n<p>Quando quel giorno arriver\u00e0,<\/p>\n\n\n\n<p>Se lo accogli nel tuo cuore,<\/p>\n\n\n\n<p>Tutto il suo regno ti dar\u00e0,<\/p>\n\n\n\n<p>Gloria in excelsis Deo<\/p>\n\n\n\n<p>Gloria in excelsis Deo<\/p>\n\n\n\n<p><\/p>\n\n\n\n<p class=\"has-text-align-center has-white-color has-vivid-green-cyan-background-color has-text-color has-background\">Mercoled\u00ec 24\/12\/2025 h. 24:00<\/p>\n\n\n\n<h1 class=\"wp-block-heading has-vivid-red-color has-text-color\">Ingresso<\/h1>\n\n\n\n<h3 class=\"wp-block-heading has-vivid-cyan-blue-color has-text-color\">Venite fedeli<\/h3>\n\n\n\n<p>Venite fedeli, l\u2019Angelo ci invita<\/p>\n\n\n\n<p>Venite, venite a Betlemme.<\/p>\n\n\n\n<p>.<\/p>\n\n\n\n<p>Nasce per noi Cristo Salvatore<\/p>\n\n\n\n<p>Venite adoriamo, venite adoriamo<\/p>\n\n\n\n<p>Venite adoriamo il Signore Ges\u00f9.<\/p>\n\n\n\n<p>.<\/p>\n\n\n\n<p>La luce del mondo, brilla in una grotta,<\/p>\n\n\n\n<p>la fede ci guida a Betlemme.<\/p>\n\n\n\n<p>.<\/p>\n\n\n\n<p>Nasce per noi Cristo Salvatore<\/p>\n\n\n\n<p>Venite adoriamo, venite adoriamo<\/p>\n\n\n\n<p>Venite adoriamo il Signore Ges\u00f9.<\/p>\n\n\n\n<p>.<\/p>\n\n\n\n<p>La notte risplende, tutto il mondo attende,<\/p>\n\n\n\n<p>seguiamo i pastori a Betlemme.<\/p>\n\n\n\n<p>.<\/p>\n\n\n\n<p>Nasce per noi Cristo Salvatore<\/p>\n\n\n\n<p>Venite adoriamo, venite adoriamo<\/p>\n\n\n\n<p>Venite adoriamo il Signore Ges\u00f9.<\/p>\n\n\n\n<p>.<\/p>\n\n\n\n<p>Il Figlio di Dio, Re dell\u2019universo,<\/p>\n\n\n\n<p>si \u00e8 fatto bambino a Betlemme.<\/p>\n\n\n\n<p>.<\/p>\n\n\n\n<p>Nasce per noi Cristo Salvatore<\/p>\n\n\n\n<p>Venite adoriamo, venite adoriamo<\/p>\n\n\n\n<p>Venite adoriamo il Signore Ges\u00f9.<\/p>\n\n\n\n<h1 class=\"wp-block-heading has-vivid-red-color has-text-color\">Gloria<\/h1>\n\n\n\n<h3 class=\"wp-block-heading has-vivid-cyan-blue-color has-text-color\">Gloria in excelsis Deo<\/h3>\n\n\n\n<p>&nbsp;&nbsp;&nbsp;&nbsp;&nbsp;Gloria, Gloria, in excelsis Deo! [2V]<\/p>\n\n\n\n<p>&nbsp;&nbsp;&nbsp;&nbsp;&nbsp;Gloria, Gloria, in excelsis Deo!<\/p>\n\n\n\n<p>E Pace in terra agli uomini amati dal Signore.<\/p>\n\n\n\n<p>Noi ti lodiamo, ti benediciamo, ti adoriamo,<\/p>\n\n\n\n<p>ti glorifichiamo, ti rendiamo grazie<\/p>\n\n\n\n<p>per la tua gloria immensa,<\/p>\n\n\n\n<p>Signore Dio, Re del cielo,<\/p>\n\n\n\n<p>Dio Padre Onnipotente.<\/p>\n\n\n\n<p>&nbsp;&nbsp;&nbsp;&nbsp;&nbsp;Gloria, Gloria, in excelsis Deo! [2V]<\/p>\n\n\n\n<p>&nbsp;&nbsp;&nbsp;&nbsp;&nbsp;Gloria, Gloria, in excelsis Deo!<\/p>\n\n\n\n<p>Signore, Figlio unigenito, Ges\u00f9 Cristo,<\/p>\n\n\n\n<p>Signore Dio, Agnello di Dio, Figlio del Padre,<\/p>\n\n\n\n<p>tu che togli i peccati del mondo,<\/p>\n\n\n\n<p>abbi piet\u00e0 di noi,<\/p>\n\n\n\n<p>tu che togli i peccati del mondo,<\/p>\n\n\n\n<p>accogli la nostra supplica,<\/p>\n\n\n\n<p>tu che siedi alla destra del Padre,<\/p>\n\n\n\n<p>abbi piet\u00e0 di noi.<\/p>\n\n\n\n<p>&nbsp;&nbsp;&nbsp;&nbsp;&nbsp;Gloria, Gloria, in excelsis Deo! [2V]<\/p>\n\n\n\n<p>&nbsp;&nbsp;&nbsp;&nbsp;&nbsp;Gloria, Gloria, in excelsis Deo!<\/p>\n\n\n\n<p>Perch\u00e9 tu solo il Santo, tu solo il Signore,<\/p>\n\n\n\n<p>tu solo l\u2019altissimo Ges\u00f9 Cristo,<\/p>\n\n\n\n<p>con lo Spirito Santo nella gloria di Dio Padre.<\/p>\n\n\n\n<p>Amen.<\/p>\n\n\n\n<p>&nbsp;&nbsp;&nbsp;&nbsp;&nbsp;Gloria, Gloria, in excelsis Deo! [2V]<\/p>\n\n\n\n<p>&nbsp;&nbsp;&nbsp;&nbsp;&nbsp;Gloria, Gloria, in excelsis Deo!<\/p>\n\n\n\n<h1 class=\"wp-block-heading has-vivid-red-color has-text-color\">Salmo<\/h1>\n\n\n\n<h3 class=\"wp-block-heading has-vivid-cyan-blue-color has-text-color\">Una splendida luce<\/h3>\n\n\n\n<p><strong>Rit. Una splendida luce \u00e8 scesa sulla terra,<\/strong><\/p>\n\n\n\n<p><strong>oggi \u00e8 nato per noi il Salvatore. Alleluia alleluia<\/strong><\/p>\n\n\n\n<p>1. Gioiscano i cieli, esulti la terra, frema il mare e quanto racchiude,<\/p>\n\n\n\n<p>Esultino i campi e quanto contengono, si rallegrino gli alberi della foresta<\/p>\n\n\n\n<p>2. Esultino davanti al Signore che viene, perch\u00e8 viene a giudicare la terra,<\/p>\n\n\n\n<p>giudicher\u00e0 il mondo con giustizia e con verit\u00e0 tutte le genti.<\/p>\n\n\n\n<h1 class=\"wp-block-heading has-vivid-red-color has-text-color\"><strong>Alleluia <\/strong><\/h1>\n\n\n\n<h3 class=\"wp-block-heading has-vivid-cyan-blue-color has-text-color has-link-color wp-elements-8e3582b427107a897067e16f81c7b589\">Alleluia <\/h3>\n\n\n\n<p>Tutti correte ad adorare l&#8217;Emmanuele Dio con noi<\/p>\n\n\n\n<h1 class=\"wp-block-heading has-vivid-red-color has-text-color\">Offertorio<\/h1>\n\n\n\n<h3 class=\"wp-block-heading has-vivid-cyan-blue-color has-text-color\">Nel tuo silenzio<\/h3>\n\n\n\n<p>Nel tuo silenzio accolgo il mistero<\/p>\n\n\n\n<p>Venuto a vivere dentro di me.<\/p>\n\n\n\n<p>Sei tu che vieni, o forse \u00e8 pi\u00f9 vero<\/p>\n\n\n\n<p>Che tu mi accogli in te, Ges\u00f9.<\/p>\n\n\n\n<p>.<\/p>\n\n\n\n<p>Sorgente viva che nasce nel cuore<\/p>\n\n\n\n<p>\u00e8 questo dono che abita in me.<\/p>\n\n\n\n<p>La tua presenza \u00e8 un Fuoco d&#8217;amore<\/p>\n\n\n\n<p>Che avvolge l&#8217;anima mia, Ges\u00f9.<\/p>\n\n\n\n<p>.<\/p>\n\n\n\n<p>Ora il tuo Spirito in me dice: &#8220;Padre&#8221;,<\/p>\n\n\n\n<p>Non sono io a parlare, sei tu.<\/p>\n\n\n\n<p>Nell&#8217;infinito oceano di pace<\/p>\n\n\n\n<p>Tu vivi in me, io in te, Ges\u00f9.<\/p>\n\n\n\n<h1 class=\"wp-block-heading has-vivid-red-color has-text-color\"><strong>Santo <\/strong><\/h1>\n\n\n\n<h3 class=\"wp-block-heading has-vivid-cyan-blue-color has-text-color has-link-color wp-elements-48673b6c23b70c5adb68d5093b6e6362\">&#8230; s<strong>anto; non comunicato<\/strong> &#8230;<\/h3>\n\n\n\n<h1 class=\"wp-block-heading has-vivid-red-color has-text-color\"><strong>Agnello<\/strong><\/h1>\n\n\n\n<h3 class=\"wp-block-heading has-vivid-cyan-blue-color has-text-color has-link-color wp-elements-54cc411dc1d5bfab1fb4583357540bb2\">&#8230; agnello: non comunicato &#8230;<\/h3>\n\n\n\n<h1 class=\"wp-block-heading has-vivid-red-color has-text-color\">Comunione<\/h1>\n\n\n\n<h3 class=\"wp-block-heading has-vivid-cyan-blue-color has-text-color has-link-color wp-elements-ec1c941e162cb5c2c7a076dc5e31257b\"><strong>Pastori<\/strong><\/h3>\n\n\n\n<p>1 Sei nato di notte,<\/p>\n\n\n\n<p>per darci la tua luce;<\/p>\n\n\n\n<p>hai scelto una stalla<\/p>\n\n\n\n<p>per darci il tuo cielo.<\/p>\n\n\n\n<p><strong>Se ne andarono con gioia<\/strong><\/p>\n\n\n\n<p><strong>verso quella grotta,<\/strong><\/p>\n\n\n\n<p><strong>li ha chiamati un coro d&#8217;angeli.<\/strong><\/p>\n\n\n\n<p><strong>Un bambino come i nostri<\/strong><\/p>\n\n\n\n<p><strong>piange in una greppia:<\/strong><\/p>\n\n\n\n<p><strong>Dio \u00e8 sceso in mezzo a noi.<\/strong><\/p>\n\n\n\n<p>2 Cercavi chi \u00e8 povero,<\/p>\n\n\n\n<p>cercavi chi \u00e8 smarrito<\/p>\n\n\n\n<p>e furono dei poveri<\/p>\n\n\n\n<p>le prime carezze.<\/p>\n\n\n\n<p>3 Cercavi il silenzio<\/p>\n\n\n\n<p>per dirci i tuoi segreti:<\/p>\n\n\n\n<p>nei campi di Betlem<\/p>\n\n\n\n<p>regnava la pace.<\/p>\n\n\n\n<p>4. Venivano da oriente in cerca di risposte e il verbo di Dio si svela al mondo<\/p>\n\n\n\n<p><\/p>\n\n\n\n<h1 class=\"wp-block-heading has-vivid-red-color has-text-color\">Congedo<\/h1>\n\n\n\n<h3 class=\"wp-block-heading has-vivid-cyan-blue-color has-text-color\"><strong>Gioia ed amor<\/strong><\/h3>\n\n\n\n<p>Gioia ed amor, al mondo inter, \u00e8 giunto il re dei re.&nbsp;<\/p>\n\n\n\n<p>Aprite al Redentore la porta di ogni cuore,<\/p>\n\n\n\n<p>esultan terra e ciel, esultan terra e ciel, esultano la terra e il ciel.&nbsp;<\/p>\n\n\n\n<p>Regna Ges\u00f9! Cantiamo a lui la festa ch\u2019\u00e8 nei cuor.&nbsp;<\/p>\n\n\n\n<p>E campi, rocce e fiumi, colline, valli e mari rispondan tutti in cor, rispondan tutti in cor, rispondano tutti in cor.&nbsp;<\/p>\n\n\n\n<p>Cristo governa il mondo inter con grazia e verit\u00e0.&nbsp;<\/p>\n\n\n\n<p>Dimostra alle nazioni la gloria del suo nome, prodigio di carit\u00e0, prodigio di carit\u00e0, prodigio, prodigio di carit\u00e0.<\/p>\n\n\n\n<p><\/p>\n\n\n\n<p class=\"has-text-align-center has-white-color has-pale-pink-background-color has-text-color has-background\">Gioved\u00ec 25\/12\/2022 ore 10.45<\/p>\n\n\n\n<h1 class=\"wp-block-heading has-vivid-red-color has-text-color\">Ingresso<\/h1>\n\n\n\n<h3 class=\"wp-block-heading has-vivid-cyan-blue-color has-text-color\">Venite fedeli<\/h3>\n\n\n\n<p>Venite fedeli, l\u2019Angelo ci invita<\/p>\n\n\n\n<p>Venite, venite a Betlemme.<\/p>\n\n\n\n<p>.<\/p>\n\n\n\n<p>Nasce per noi Cristo Salvatore<\/p>\n\n\n\n<p>Venite adoriamo, venite adoriamo<\/p>\n\n\n\n<p>Venite adoriamo il Signore Ges\u00f9.<\/p>\n\n\n\n<p>.<\/p>\n\n\n\n<p>La luce del mondo, brilla in una grotta,<\/p>\n\n\n\n<p>la fede ci guida a Betlemme.<\/p>\n\n\n\n<p>.<\/p>\n\n\n\n<p>Nasce per noi Cristo Salvatore<\/p>\n\n\n\n<p>Venite adoriamo, venite adoriamo<\/p>\n\n\n\n<p>Venite adoriamo il Signore Ges\u00f9.<\/p>\n\n\n\n<p>.<\/p>\n\n\n\n<p>La notte risplende, tutto il mondo attende,<\/p>\n\n\n\n<p>seguiamo i pastori a Betlemme.<\/p>\n\n\n\n<p>.<\/p>\n\n\n\n<p>Nasce per noi Cristo Salvatore<\/p>\n\n\n\n<p>Venite adoriamo, venite adoriamo<\/p>\n\n\n\n<p>Venite adoriamo il Signore Ges\u00f9.<\/p>\n\n\n\n<p>.<\/p>\n\n\n\n<p>Il Figlio di Dio, Re dell\u2019universo,<\/p>\n\n\n\n<p>si \u00e8 fatto bambino a Betlemme.<\/p>\n\n\n\n<p>.<\/p>\n\n\n\n<p>Nasce per noi Cristo Salvatore<\/p>\n\n\n\n<p>Venite adoriamo, venite adoriamo<\/p>\n\n\n\n<p>Venite adoriamo il Signore Ges\u00f9.<\/p>\n\n\n\n<h1 class=\"wp-block-heading has-vivid-red-color has-text-color\">Gloria<\/h1>\n\n\n\n<h3 class=\"wp-block-heading has-vivid-cyan-blue-color has-text-color\">Gloria in excelsis Deo<\/h3>\n\n\n\n<p>&nbsp;&nbsp;&nbsp;&nbsp;&nbsp;Gloria, Gloria, in excelsis Deo! [2V]<\/p>\n\n\n\n<p>&nbsp;&nbsp;&nbsp;&nbsp;&nbsp;Gloria, Gloria, in excelsis Deo!<\/p>\n\n\n\n<p>E Pace in terra agli uomini amati dal Signore.<\/p>\n\n\n\n<p>Noi ti lodiamo, ti benediciamo, ti adoriamo,<\/p>\n\n\n\n<p>ti glorifichiamo, ti rendiamo grazie<\/p>\n\n\n\n<p>per la tua gloria immensa,<\/p>\n\n\n\n<p>Signore Dio, Re del cielo,<\/p>\n\n\n\n<p>Dio Padre Onnipotente.<\/p>\n\n\n\n<p>&nbsp;&nbsp;&nbsp;&nbsp;&nbsp;Gloria, Gloria, in excelsis Deo! [2V]<\/p>\n\n\n\n<p>&nbsp;&nbsp;&nbsp;&nbsp;&nbsp;Gloria, Gloria, in excelsis Deo!<\/p>\n\n\n\n<p>Signore, Figlio unigenito, Ges\u00f9 Cristo,<\/p>\n\n\n\n<p>Signore Dio, Agnello di Dio, Figlio del Padre,<\/p>\n\n\n\n<p>tu che togli i peccati del mondo,<\/p>\n\n\n\n<p>abbi piet\u00e0 di noi,<\/p>\n\n\n\n<p>tu che togli i peccati del mondo,<\/p>\n\n\n\n<p>accogli la nostra supplica,<\/p>\n\n\n\n<p>tu che siedi alla destra del Padre,<\/p>\n\n\n\n<p>abbi piet\u00e0 di noi.<\/p>\n\n\n\n<p>&nbsp;&nbsp;&nbsp;&nbsp;&nbsp;Gloria, Gloria, in excelsis Deo! [2V]<\/p>\n\n\n\n<p>&nbsp;&nbsp;&nbsp;&nbsp;&nbsp;Gloria, Gloria, in excelsis Deo!<\/p>\n\n\n\n<p>Perch\u00e9 tu solo il Santo, tu solo il Signore,<\/p>\n\n\n\n<p>tu solo l\u2019altissimo Ges\u00f9 Cristo,<\/p>\n\n\n\n<p>con lo Spirito Santo nella gloria di Dio Padre.<\/p>\n\n\n\n<p>Amen.<\/p>\n\n\n\n<p>&nbsp;&nbsp;&nbsp;&nbsp;&nbsp;Gloria, Gloria, in excelsis Deo! [2V]<\/p>\n\n\n\n<p>&nbsp;&nbsp;&nbsp;&nbsp;&nbsp;Gloria, Gloria, in excelsis Deo!<\/p>\n\n\n\n<h1 class=\"wp-block-heading has-vivid-red-color has-text-color\">Salmo<\/h1>\n\n\n\n<p><strong>Per noi \u00e8 nato un bambino, alleluia!<\/strong><\/p>\n\n\n\n<p><strong>Un figlio a noi \u00e8 dato, alleluia!<\/strong><\/p>\n\n\n\n<h1 class=\"wp-block-heading has-vivid-red-color has-text-color\"><strong>Alleluia <\/strong><\/h1>\n\n\n\n<h3 class=\"wp-block-heading has-vivid-cyan-blue-color has-text-color has-link-color wp-elements-8e3582b427107a897067e16f81c7b589\">Alleluia <\/h3>\n\n\n\n<p>Oggi \u00e8 nato il Salvatore noi gioiamo insieme a lui<\/p>\n\n\n\n<h1 class=\"wp-block-heading has-vivid-red-color has-text-color\">Offertorio<\/h1>\n\n\n\n<h3 class=\"wp-block-heading has-vivid-cyan-blue-color has-text-color\">Nel tuo silenzio<\/h3>\n\n\n\n<p>Nel tuo silenzio accolgo il mistero<\/p>\n\n\n\n<p>Venuto a vivere dentro di me.<\/p>\n\n\n\n<p>Sei tu che vieni, o forse \u00e8 pi\u00f9 vero<\/p>\n\n\n\n<p>Che tu mi accogli in te, Ges\u00f9.<\/p>\n\n\n\n<p>.<\/p>\n\n\n\n<p>Sorgente viva che nasce nel cuore<\/p>\n\n\n\n<p>\u00e8 questo dono che abita in me.<\/p>\n\n\n\n<p>La tua presenza \u00e8 un Fuoco d&#8217;amore<\/p>\n\n\n\n<p>Che avvolge l&#8217;anima mia, Ges\u00f9.<\/p>\n\n\n\n<p>.<\/p>\n\n\n\n<p>Ora il tuo Spirito in me dice: &#8220;Padre&#8221;,<\/p>\n\n\n\n<p>Non sono io a parlare, sei tu.<\/p>\n\n\n\n<p>Nell&#8217;infinito oceano di pace<\/p>\n\n\n\n<p>Tu vivi in me, io in te, Ges\u00f9.<\/p>\n\n\n\n<h1 class=\"wp-block-heading has-vivid-red-color has-text-color\"><strong>Santo <\/strong><\/h1>\n\n\n\n<h3 class=\"wp-block-heading has-vivid-cyan-blue-color has-text-color has-link-color wp-elements-2fbab32ced5a49d9fdf71b2728ee99c2\"><strong>&#8230; santo: non comunicato &#8230;<\/strong><\/h3>\n\n\n\n<h1 class=\"wp-block-heading has-vivid-red-color has-text-color\"><strong>Agnello<\/strong><\/h1>\n\n\n\n<h3 class=\"wp-block-heading has-vivid-cyan-blue-color has-text-color has-link-color wp-elements-54cc411dc1d5bfab1fb4583357540bb2\">&#8230; agnello: non comunicato &#8230;<\/h3>\n\n\n\n<h1 class=\"wp-block-heading has-vivid-red-color has-text-color\">Comunione<\/h1>\n\n\n\n<h3 class=\"wp-block-heading has-vivid-cyan-blue-color has-text-color has-link-color wp-elements-8031a55cd7af06f45ccbc74d0e6b9a11\"><strong>Nato per noi (Stille Nacht)<\/strong><\/h3>\n\n\n\n<p>1 Nato per noi, Cristo Ges\u00f9, Figlio dell&#8217;altissimo:<\/p>\n\n\n\n<p>sei cantato dagli angeli, sei atteso dai secoli.<\/p>\n\n\n\n<p><strong>Vieni, vieni, Signore! Salvaci, Cristo Ges\u00f9!<\/strong><\/p>\n\n\n\n<p>2 Nato per noi, Cristo Ges\u00f9, Figlio della Vergine:<\/p>\n\n\n\n<p>sei fratello dei deboli, sei l&#8217;amico degli umili.<\/p>\n\n\n\n<p>3 Nato per noi, Cristo Ges\u00f9, Figlio nello Spirito:<\/p>\n\n\n\n<p>sei presenza fra i poveri, sei la pace fra i popoli.<\/p>\n\n\n\n<p><\/p>\n\n\n\n<h1 class=\"wp-block-heading has-vivid-red-color has-text-color\">Congedo<\/h1>\n\n\n\n<h3 class=\"wp-block-heading has-vivid-cyan-blue-color has-text-color\">Tu scendi dalle stelle<\/h3>\n\n\n\n<p>1. Tu scendi dalle stelle, o Re del cielo,<\/p>\n\n\n\n<p>e vieni in una grotta al freddo e al gelo,<\/p>\n\n\n\n<p>e vieni in una grotta al freddo e al gelo.<\/p>\n\n\n\n<p>O Bambino mio divino,<\/p>\n\n\n\n<p>io ti vedo qui tremar;<\/p>\n\n\n\n<p>o Dio beato!<\/p>\n\n\n\n<p>Ahi quanto ti cost\u00f2 l&#8217;avermi amato!<\/p>\n\n\n\n<p>ahi quanto ti cost\u00f2 l&#8217;avermi amato!<\/p>\n\n\n\n<p>.<\/p>\n\n\n\n<p>2. A te, che sei del mondo il Creatore,<\/p>\n\n\n\n<p>mancano panni e foco, o mio Signore,<\/p>\n\n\n\n<p>mancano panni e foco, o mio Signore.<\/p>\n\n\n\n<p>Caro eletto pargoletto,<\/p>\n\n\n\n<p>quanto questa povert\u00e0<\/p>\n\n\n\n<p>pi\u00f9 m&#8217;innamora,<\/p>\n\n\n\n<p>giacch\u00e9 ti fece amor povero ancora,<\/p>\n\n\n\n<p>giacch\u00e9 ti fece amor povero ancora.<\/p>\n\n\n\n<p>.<\/p>\n\n\n\n<p>3. Tu lasci il bel gioir del divin seno,<\/p>\n\n\n\n<p>per venire a penar su questo fieno,<\/p>\n\n\n\n<p>per venire a penar su questo fieno.<\/p>\n\n\n\n<p>Dolce amore del mio core,<\/p>\n\n\n\n<p>dove amor ti trasport\u00f2?<\/p>\n\n\n\n<p>O Ges\u00f9 mio,<\/p>\n\n\n\n<p>perch\u00e9 tanto patir? Per amor mio!<\/p>\n\n\n\n<p>perch\u00e9 tanto patir? Per amor mio!<\/p>\n\n\n\n<p>.<\/p>\n\n\n\n<p>4. Ma se fu tuo voler il tuo patire,<\/p>\n\n\n\n<p>perch\u00e9 vuoi pianger poi, perch\u00e9 vagire?<\/p>\n\n\n\n<p>perch\u00e9 vuoi pianger poi, perch\u00e9 vagire?<\/p>\n\n\n\n<p>Sposo mio, amato Dio,<\/p>\n\n\n\n<p>mio Ges\u00f9, t&#8217;intendo s\u00ec!<\/p>\n\n\n\n<p>Ah, mio Signore,<\/p>\n\n\n\n<p>tu piangi non per duol, ma per amore,<\/p>\n\n\n\n<p>tu piangi non per duol, ma per amore..<\/p>\n\n\n\n<p>.<\/p>\n\n\n\n<p>5. Tu piangi per vederti da me ingrato<\/p>\n\n\n\n<p>dopo s\u00ec grande amor, s\u00ec poco amato,<\/p>\n\n\n\n<p>dopo s\u00ec grande amor, s\u00ec poco amato!<\/p>\n\n\n\n<p>O diletto del mio petto,<\/p>\n\n\n\n<p>se gi\u00e0 un tempo fu cos\u00ec,<\/p>\n\n\n\n<p>or te sol bramo:<\/p>\n\n\n\n<p>caro non pianger pi\u00f9, ch&#8217;io t&#8217;amo e t&#8217;amo,<\/p>\n\n\n\n<p>caro non pianger pi\u00f9, ch&#8217;io t&#8217;amo e t&#8217;amo.<\/p>\n\n\n\n<p>.<\/p>\n\n\n\n<p>6. Tu dormi, Ninno mio, ma intanto il core<\/p>\n\n\n\n<p>non dorme, no ma veglia a tutte l&#8217;ore,<\/p>\n\n\n\n<p>non dorme, no ma veglia a tutte l&#8217;ore.<\/p>\n\n\n\n<p>Deh, mio bello e puro Agnello,<\/p>\n\n\n\n<p>a che pensi? dimmi tu.<\/p>\n\n\n\n<p>O amore immenso,<\/p>\n\n\n\n<p>&#8220;Un d\u00ec morir per te&#8221; \u2013 rispondi \u2013 &#8220;io penso&#8221;,<\/p>\n\n\n\n<p>&#8220;Un d\u00ec morir per te&#8221; \u2013 rispondi \u2013 &#8220;io penso&#8221;.<\/p>\n\n\n\n<p>.<\/p>\n\n\n\n<p>7. Dunque a morire per me, tu pensi, o Dio<\/p>\n\n\n\n<p>ed altro, fuor di te, amar poss&#8217;io?<\/p>\n\n\n\n<p>ed altro, fuor di te, amar poss&#8217;io?<\/p>\n\n\n\n<p>O Maria, speranza mia,<\/p>\n\n\n\n<p>s&#8217;io poc&#8217;amo il tuo Ges\u00f9,<\/p>\n\n\n\n<p>non ti sdegnare<\/p>\n\n\n\n<p>amalo tu per me, s&#8217;io nol so amare!<\/p>\n\n\n\n<p>amalo tu per me, s&#8217;io nol so amare!<\/p>\n","protected":false},"excerpt":{"rendered":"<p>Elenco generale di tutti i canti (formato word) Elenco generale di tutti i canti (formato pdf) Mercoled\u00ec 24\/12\/2025 h. 18:00 Ingresso Venite fedeli Venite fedeli, l\u2019Angelo ci invita Venite, venite a Betlemme. . Nasce per noi Cristo Salvatore Venite adoriamo, venite adoriamo Venite adoriamo il Signore Ges\u00f9. . La luce del mondo, brilla in una [&hellip;]<\/p>\n","protected":false},"author":11,"featured_media":0,"parent":0,"menu_order":0,"comment_status":"closed","ping_status":"closed","template":"","meta":{"footnotes":""},"class_list":["post-3174","page","type-page","status-publish","hentry"],"_links":{"self":[{"href":"https:\/\/parrocchiaracconigimurello.org\/index.php?rest_route=\/wp\/v2\/pages\/3174","targetHints":{"allow":["GET"]}}],"collection":[{"href":"https:\/\/parrocchiaracconigimurello.org\/index.php?rest_route=\/wp\/v2\/pages"}],"about":[{"href":"https:\/\/parrocchiaracconigimurello.org\/index.php?rest_route=\/wp\/v2\/types\/page"}],"author":[{"embeddable":true,"href":"https:\/\/parrocchiaracconigimurello.org\/index.php?rest_route=\/wp\/v2\/users\/11"}],"replies":[{"embeddable":true,"href":"https:\/\/parrocchiaracconigimurello.org\/index.php?rest_route=%2Fwp%2Fv2%2Fcomments&post=3174"}],"version-history":[{"count":10,"href":"https:\/\/parrocchiaracconigimurello.org\/index.php?rest_route=\/wp\/v2\/pages\/3174\/revisions"}],"predecessor-version":[{"id":4986,"href":"https:\/\/parrocchiaracconigimurello.org\/index.php?rest_route=\/wp\/v2\/pages\/3174\/revisions\/4986"}],"wp:attachment":[{"href":"https:\/\/parrocchiaracconigimurello.org\/index.php?rest_route=%2Fwp%2Fv2%2Fmedia&parent=3174"}],"curies":[{"name":"wp","href":"https:\/\/api.w.org\/{rel}","templated":true}]}}